 the hundreds digit of c?
8
What is the thousands digit of 4322*(3 + -10*(-7)/28)?
3
Suppose -49*x + 4 = -48*x. Suppose r - 211 = -x*f - 2*r, 0 = 3*f + 2*r - 157. What is the tens digit of f?
4
What is the units digit of 732020/100 + -25 + (-4)/(-5)?
6
Suppose -19*l = -15*l + 20. What is the tens digit of l - (24/56 - (-2229)/(-7))?
1
Let s(y) = 7*y - 31. Let t be s(6). Let n be (-4)/(-2) + t + -9. Suppose -n*b + 3*x = 4, b - 8 = 3*b - 3*x. What is the units digit of b?
2
Let x(c) = 8592*c - 581. What is the thousands digit of x(2)?
6
Let m(c) be the second derivative of -27*c**5/20 + c**4/6 + c**3/3 + c**2/2 + 5*c + 2. What is the units digit of m(-2)?
1
Suppose -8*q + 7 = -17. Suppose 2*s + q*k = 492, 2*s - 81 = 4*k + 425. What is the hundreds digit of s?
2
Suppose -24*x - 65687 = -229199. What is the units digit of x?
3
Let j(w) = -5*w - 6. Let h be j(-7). Let s = -26 + h. What is the units digit of s*((-146)/(-6) + -4)?
1
Let p = -11498 - -21387. What is the units digit of p?
9
Let p = 1103 + -207. Let n = 1020 - p. What is the units digit of n?
4
Let h = -372 - -181. Let k = -79 - h. Let l = 224 - k. What is the tens digit of l?
1
Let y be (2/(-4))/((-52)/520). Suppose y*g + 16*d = 21*d + 5240, d = -4. What is the hundreds digit of g?
0
Let q(u) = 117*u**2 - 2*u + 2. Suppose -3*v - 17 = -2*l, -4*v = -3*l + 2 + 23. Suppose -4 = -11*n + l. What is the hundreds digit of q(n)?
1
Let a(u) = 25309*u**2 + 11*u - 13. What is the units digit of a(1)?
7
What is the units digit of 2/8 - 5/(-6)*(-4430517)/(-130)?
1
Let c(a) = 449*a**2 + 78*a - 874. What is the units digit of c(13)?
1
What is the tens digit of 208/16 + 85824 + -29?
0
Let u(i) = 12*i**2 - 234*i + 138. What is the tens digit of u(56)?
6
Let r(l) = 20*l**2 - 18*l - 375. What is the hundreds digit of r(-18)?
4
Suppose t = -6*t + 3850. Suppose -3*j + 0*h + t = 4*h, -176 = -j - 5*h. What is the tens digit of j?
8
Let g(u) = 8*u**3 + 112*u**2 - 2*u - 10. Let y be g(-14). What is the tens digit of y*6/(-4)*1904/(-63)?
1
Suppose a - 4*a + 21942 = 5*c, 0 = 2*a - 5*c - 14603. What is the units digit of a?
9
Let y(d) = 17*d + 13. Let u be y(12). Suppose -7*b + u = -7. Let a = 161 + b. What is the tens digit of a?
9
Let x = -5367 - -7677. What is the units digit of x?
0
Let b be (-9876)/(-11) + (-34)/(-187). Suppose 3*p + 1163 = 2*g, 2*g + 3*p = b + 295. What is the units digit of g?
9
Suppose 20*q + 12279 = 41779. What is the tens digit of q?
7
Let x = 22964 + -14779. What is the units digit of x?
5
Suppose 120*s - 394 = 50*s - 44. Let v = 17 + -12. Suppose -2*k + 4*z + 14 = -4*k, -s = v*k + 4*z. What is the units digit of k?
3
Let c(n) = 12*n**2 - 14*n + 38. Let o be c(4). Let a = o + 241. What is the hundreds digit of a?
4
Let x = 4745 + -2647. What is the units digit of x?
8
Suppose 0 = 17*s - 8*s + 10*s - 229843. What is the hundreds digit of s?
0
Let z(u) = -9*u + 29. Let g(d) = d**2 + 3*d - 15. Let m be g(-6). What is the units digit of z(m)?
2
Let t = 8 - 8. Let f be 48/10 - t - (-50)/250. Suppose -2*z + 2*j + 478 = 2*z, -f*j - 25 = 0. What is the units digit of z?
7
Suppose 32*o - 16*o = 40*o - 235512. What is the tens digit of o?
1
Let k be -1 - 2 - (-1 + 6/(-2)). Suppose -2*h = -h + 3*l + k, 5*h - 4*l = 33. What is the tens digit of h/(15/14)*(-21)/(-2)?
4
Let i(h) = -h**2 + 7*h + 10. Let q be i(6). Let w(z) = 23*z + q*z**2 + 30*z - 59*z. What is the units digit of w(4)?
2
What is the tens digit of (14815/(-15))/(2/(-6))?
6
Let g = 256 + 29. Suppose 0 = -3*k - u + 835, k = -13*u + 16*u + g. What is the tens digit of k?
7
What is the units digit of (-7 + 2 + 4 - -13796) + 9?
4
What is the units digit of 335118/87 + 86/1247?
2
Suppose 326*l = 329*l - 5*z - 172894, 3*l - 172905 = -6*z. What is the ten thousands digit of l?
5
Let w = -54 + 84. Let o = -26 + w. Suppose d = 3*u + 3*d - 10, 5*u - 3*d - o = 0. What is the units digit of u?
2
Let v(q) be the first derivative of q**4/4 - 7*q**3 - 19*q**2/2 + 40*q - 29. What is the tens digit of v(22)?
0
Let r = 20 - -68. Let s(i) = -29 - 179*i**2 - 7*i + r*i**2 + 92*i**2. What is the units digit of s(-10)?
1
Let o = 9101 - 3623. What is the thousands digit of o?
5
Let m(u) = 30*u**2 - 6*u + 140. What is the units digit of m(16)?
4
Suppose -2*p = 3*a + a - 2, 0 = -5*p - 25. Let w = 63 + a. Let d = w - 27. What is the tens digit of d?
3
Let i(t) = t + 17. Let p be i(-11). Suppose 0 = -p*z - 12 - 0. What is the hundreds digit of (-1)/z*(-6)/(-1) - -119?
1
Suppose 4*h + 2*x - 949 = 139, 0 = -3*x. Suppose -28 = 2*n - h. Let c = n - 100. What is the units digit of c?
2
Let n = 142 + -138. Suppose -5*x + 1660 = 5*h, -5*h + n*h + x = -332. What is the hundreds digit of h?
3
Let m be -12 + 9 + 31 + 1. Suppose -1 = -5*t + m. What is the units digit of t?
6
Suppose -5*i = -5*y + 15, -3 = -3*i + 3. Suppose 5*k + 2*u + 2 = 20, -4*u = y*k - 16. Let c(p) = 29*p - 12. What is the hundreds digit of c(k)?
1
Let c(v) = 31*v**2 - 97*v + 967. What is the units digit of c(33)?
5
Let x(u) = 19*u**3 - 5*u**2 - 21*u + 43. What is the units digit of x(7)?
8
Let x = -598 + 7706. What is the tens digit of x?
0
Let c(y) = -y**3 - 3*y**2 + 14*y - 19. Let u be c(-6). Suppose -12 = n - 5*n, p = u*n + 66. What is the units digit of p?
1
Let c(g) be the second derivative of 8*g**2 + 1/20*g**5 + 34*g + 0 + 4/3*g**4 - 23/6*g**3. What is the units digit of c(-17)?
8
Let b(y) be the first derivative of 7*y**3/3 + 7*y**2/2 + 12*y + 23. What is the tens digit of b(-3)?
5
Let x(a) = -251*a - 3 - 174 - 118*a - 17*a. What is the hundreds digit of x(-3)?
9
Let s(c) = -c**3 - 9*c**2 - 15*c - 5. Let g be (-5 - -4)/(1/7). Let z be s(g). Suppose z*y = 3 + 75. What is the tens digit of y?
3
Suppose 4*j - 10*s = -12*s + 75494, 0 = -2*s + 10. What is the hundreds digit of j?
8
Let u(a) = -8*a - 13. Let v be u(-4). Let g = v + -12. What is the units digit of ((-726)/77)/((-1)/g)?
6
Let r(y) = -5603*y - 41. What is the units digit of r(-3)?
8
Suppose 39*u - 27171 = -5*z + 40*u, 0 = 3*u - 12. What is the hundreds digit of z?
4
Let z be 100 - ((-5 - -1) + 5). Suppose -c + 10*c = z. Suppose c*m = 14*m - 72. What is the units digit of m?
4
Let m = -63 - -60. Let h be ((-8)/10)/(((-18)/(-195))/m). Suppose 9*a = -h + 575. What is the units digit of a?
1
Let n be (918/12 + -6)*(-4)/(-6). Suppose n = -v + 681. What is the tens digit of v?
3
Suppose 219*y + 2411909 = 8740790. What is the units digit of y?
9
Let o(s) = -38*s + 284. Let t be o(7). What is the tens digit of 60 + (92/t - (-23)/(-207))?
6
Let i = -26 - -12. Let g(q) be the third derivative of -q**5/60 - 2*q**4/3 + 5*q**3/2 - q**2 + 170. What is the tens digit of g(i)?
4
Let p(b) = -119*b - 834. Let l be p(-9). Let s be -4*6*(-6)/16. Suppose s*o - 6*o = l. What is the tens digit of o?
7
Let r(w) be the second derivative of w**5/20 - w**4/3 + 5*w**3/6 - 6*w. Let i be r(2). What is the tens digit of (3/i)/((-63)/(-8736))?
0
Let i(r) = 48*r - 34. Let y be i(13). What is the tens digit of y - (3 - 11 - -4)?
9
Suppose 34*o - 58268 = 6*o. Suppose 2051 = 2*w + v, -2*w + 6*v = v - o. What is the thousands digit of w?
1
Let f be (11 - 1)*(-18)/12. Let z = f - -69. What is the tens digit of z?
5
Let b(n) = n**2 + 9*n + 5050. Let f be b(0). Suppose -5*w + 3*o - 4*o + 5058 = 0, 5*w + 5*o - f = 0. What is the thousands digit of w?
1
Let y = -20 - -20. Let m be 0/2 + 32 + 0 + y. Suppose -4*k + m = 2*h, h + 2*h = -k + 63. What is the units digit of h?
2
Let w = 33056 + -19924. What is the thousands digit of w?
3
Let q(z) be the first derivative of 2*z**3/3 + 13*z**2/2 + 12*z + 29. Let u = -18 + 9. What is the units digit of q(u)?
7
Let b = -658 - -1857. Let c = b - 579. What is the hundreds digit of c?
6
Suppose 3*k - 103*w + 105*w = 17984, -1 = -w. What is the thousands digit of k?
5
Let s = 360 - 360. Suppose -5*f + 5*c + 6005 = 0, 3*f + 0*c - c - 3611 = s. What is the thousands digit of f?
1
Let u be (-355900)/280 + (-1)/(-14). Let h = 2760 + u. What is the hundreds digit of h?
4
Let q be -3 + (-34)/(-10) + (-939)/(-15). Let b = q + -48. What is the tens digit of b?
1
Let a be 7880/20 + (1/(-1) - -2). Suppose 5*c - 1430 - a = 0. Let o = -243 + c. What is the hundreds digit of o?
1
Let i(b) = 15*b**3 - 39*b + 19 - 16*b**3 + 6*b - 14*b**2. What is the hun